 divided by h?
10
Let x = -82 + 34. Let c = -29 - x. Calculate the remainder when c is divided by 10.
9
Let f = -43 + 102. Let m(k) = -7*k - 1. Suppose 7*r - 3 = d + 4*r, -3*r - 3 = d. Calculate the remainder when f is divided by m(d).
19
Let u be 6/4*-2*(-1)/1. Let h(q) = q**2 - 3*q + 2. Let j be h(3). Suppose 2*k + u*k + j*b = 103, -k = b - 20. What is the remainder when 40 is divided by k?
19
Suppose -2*p + 25 = j + 3*p, 0 = 5*j - 4*p - 38. Suppose -3*w - j = -3*b - 40, -4*w + 35 = -5*b. Calculate the remainder when w is divided by 9.
6
Let f(m) = -m**3 + m**2 + m. Let x be f(0). Suppose x*u + 3*u + 5*z + 8 = 0, 3*u - 5*z + 28 = 0. What is the remainder when 15 is divided by 8 - (2 - u/(-3))?
7
Let q be (-5)/(-4) - (-2)/(-8). Suppose -78 = -5*i + x, 56 + 16 = 4*i - 4*x. Calculate the remainder when i is divided by 8 - q - (-1 - 0).
7
What is the remainder when 106 is divided by 3 - 1*(3 - 27)?
25
Suppose 3*m + b = -2, -4*m + 3*m = 2*b + 4. Let n = m - -4. Suppose n*r = -4*f + 13 + 71, 0 = -f - 3*r + 17. Calculate the remainder when f is divided by 8.
7
Let v(x) = 3*x**3 + 4*x**2 - 12*x - 12. Let i(c) = 7*c**3 + 7*c**2 - 24*c - 24. Let z(m) = 2*i(m) - 5*v(m). What is the remainder when z(-8) is divided by 9?
8
Let x be -1*(-2 - 3/(-3)). Let m be ((-30)/24)/(x/(-4)). Suppose 4*d - 14 = -3*j, m - 1 = -d. Calculate the remainder when 19 is divided by j.
9
Let h(g) = g**3 - 7*g**2 + 6*g + 4. Suppose 0 = -q + 7 + 4. Calculate the remainder when q is divided by h(6).
3
Suppose -54 = -3*j - 3*t - 0*t, 0 = 5*t + 20. Calculate the remainder when j is divided by 8.
6
Let v = 2 + 0. Suppose 2 = -n, 0 = -v*t - n + 21 + 13. Calculate the remainder when 52 is divided by t.
16
What is the remainder when (-2 - (-22)/6)*18 is divided by -2*(-1 - 18/4)?
8
Suppose -1 + 53 = 2*v. Calculate the remainder when v is divided by 7.
5
Suppose 0 = -3*d + k + 23, 2*d + 0*k + 3*k - 19 = 0. What is the remainder when 30 is divided by d?
6
Suppose 8*p - 9 = 7*p. Calculate the remainder when 31 is divided by p.
4
Suppose -4*y + 3*j + 71 = -0*j, 25 = -5*j. What is the remainder when 25 is divided by y?
11
Let a = 34 - 24. Let c(i) = 2*i**2 - i - 4. Let g be c(a). Suppose 0 = 4*z - k - g, 0*k + 4 = -2*k. Calculate the remainder when z is divided by 16.
14
Suppose -109 + 463 = 6*m. Calculate the remainder when m is divided by 12.
11
Suppose q - 5 = -8*r + 4*r, 2 = -2*r + 4*q. Let j(w) = 5*w**3 + w. What is the remainder when r/(-3) + (-52)/(-3) is divided by j(1)?
5
Let t = 5 - 9. Let n(s) = -s**3 - s**2 - s + 1. Calculate the remainder when n(t) is divided by 18.
17
Let g = -12 - -30. What is the remainder when g is divided by 4?
2
Suppose -8 = 2*m + 16. Let y = -6 - m. Suppose 7 + 5 = -4*u, 2*u = -5*v + 49. What is the remainder when v is divided by y?
5
Let f(v) = -v**3 + 6*v**2 - 5*v - 1. Let s be (-3)/(-3)*(-2 - -2). Let n(p) = p**3 + p + 4. Let u be n(s). What is the remainder when f(u) is divided by 6?
5
Let g = -3 - 5. Let u(d) = d**2 + 8*d + 12. Calculate the remainder when u(g) is divided by 7.
5
Let t(z) = -2 - 7 + 3*z + 2. Suppose 2*d - 29 + 4 = -3*y, -y = d - 10. What is the remainder when t(d) is divided by 3?
2
Let r(z) = -z**3 + z + 2. Let o be r(0). Suppose 4*p + o*c = 74, p + 5*c - 32 = -0*p. What is the remainder when p is divided by 9?
8
Let l = 23 + 14. Suppose 26 = 2*s + 4*n, 3*s = 4*s + n - 13. Calculate the remainder when l is divided by s.
11
Let k(p) = p**3 + 2*p**2 - 3*p + 3. Calculate the remainder when k(4) is divided by ((-9)/(-6))/(3/44).
21
Let u(y) be the third derivative of -y**6/120 + y**5/10 - y**4/24 + 5*y**3/6 + 2*y**2. Calculate the remainder when 96 is divided by u(5).
21
Let h be 3*1 - 0/8. Let k(l) = 1 - 3 + 2 - 4 + 11*l. Calculate the remainder when k(h) is divided by 16.
13
Suppose 10*g - 60 = 5*g. Suppose -132 = -4*w + 2*y, 3*w = -4*y + 20 + 101. What is the remainder when w is divided by g?
11
Let k(v) = v + 3. Let a be k(-9). Calculate the remainder when 45 is divided by 6/(-18) + (-140)/a.
22
Let o be (-2)/(-6) + (-1016)/(-12). Suppose -5*m + o = -0*m. Calculate the remainder when 50 is divided by m.
16
Let d(g) = g**3 + 7*g**2 + 6*g + 6. What is the remainder when d(-6) is divided by (-114)/(-27) + (-1 - (-21)/27)?
2
Let b(i) = -i**3 - 4*i**2 - i + 1. Let x be b(-4). Suppose -3*a = -v - 3, -x*v = 2*a - 23 - 30. Calculate the remainder when v is divided by 4.
1
Suppose -9*x + 104 = -x. Let s = 126 - 89. Calculate the remainder when s is divided by x.
11
Let q(w) = -2*w**3 - 3*w**2 + 3*w - 3. Let d(z) = 23*z - 6. Let i be d(-10). Calculate the remainder when q(-3) is divided by 6/(-14) + i/(-28).
7
Suppose 5 = -l + 2*l. Let f = l - -4. Suppose 2*k = u + 33, k + 15 = 2*k - 2*u. Calculate the remainder when k is divided by f.
8
Let l = -6 - -13. Let h(r) = 3 - 5 - 2 + r**2 - 3*r + l*r**3 + 5. Calculate the remainder when h(2) is divided by 19.
17
Let b be (-374)/6 + (-4)/6. Let p = b - -99. Let i(h) = -20*h**3 - h**2 + h + 1. What is the remainder when p is divided by i(-1)?
17
Let t(y) = y**2 - y - 1. Let w(j) = -2*j**2 + 17*j + 25. Let p(c) = t(c) + w(c). Calculate the remainder when 27 is divided by p(17).
6
Let b(j) = -j - 1. Suppose 0 = -3*s + 8*s + 10. What is the remainder when 3/15 - (-27)/15 is divided by b(s)?
0
Let l(o) = -o - 2. What is the remainder when 11 is divided by l(-8)?
5
Let r = 3 + 2. What is the remainder when 37 is divided by r?
2
Calculate the remainder when ((-1)/(-8)*-226)/(2/(-8)) is divided by 29.
26
Suppose -5*a - 2 = -5*u - 57, -4*a - 4 = 4*u. Let s(b) = b**3 + 4*b**2 - 2*b - 1. Let g be s(u). Calculate the remainder when g/(-3) - 3/9 is divided by 7.
6
Let y be (-1)/(-2)*2*-2. Let k be y*1 - -3 - 1. Suppose 0 = -2*z + 12 - k. What is the remainder when 17 is divided by z?
5
What is the remainder when 54 is divided by (-294)/56*32/(-6)?
26
Suppose 2*f - 2 = 4. What is the remainder when 7 is divided by f?
1
Suppose -4*i - y = y - 28, 3*i - 32 = 4*y. Let t = -7 + i. Suppose 2*h - 13 + t = 0. What is the remainder when 10 is divided by h?
4
Suppose 7*r + 3*m = 2*r - 6, 10 = 3*r - 5*m. Suppose 3*g + 6 - 30 = r. What is the remainder when 3/(-2)*-16 + -1 is divided by g?
7
Suppose 10 - 92 = -2*o + g, -4*g + 164 = 4*o. Suppose -4*u + 5*b = -o, b = -5*u - 4*b + 40. What is the remainder when u is divided by 3?
0
Let y = -83 - -125. Calculate the remainder when y + 1 + (0 - 1) is divided by 11.
9
Let u be ((-2)/4)/(4/760). Let o = u + 141. Suppose -7*b + 108 = 2*b. What is the remainder when o is divided by b?
10
Suppose 3*h = 2*d + d - 27, -20 = -2*d + 4*h. Calculate the remainder when 41 is divided by d.
1
Suppose 0 = -3*f - 3*h + 27, -h - 27 = -0*f - 5*f. Let o(x) = 3*x + 1. What is the remainder when f is divided by o(1)?
2
Let s be (5 - 5) + 1 + 7. Let v(p) = p + 2. Calculate the remainder when 17 is divided by v(s).
7
Let c(z) = -z**3 + 4*z**2 - z - 1. Let k be c(3). Suppose 3 - 18 = -k*r. Calculate the remainder when 8 is divided by r.
2
Let r(z) = z + 6. Let u(d) = d**2 + 4*d - 5. Let y be u(-6). Let c(q) = -q**3 - 4*q**2 - q + 7. Calculate the remainder when c(-5) is divided by r(y).
11
Let g be 7/(14/8)*1. Suppose -5*u = g - 29, -81 = -4*i - u. Let d = 16 - 9. What is the remainder when i is divided by d?
5
Let p(r) = -r**2 + 14*r + 28. Calculate the remainder when 22 is divided by p(15).
9
Let v be (110/25)/(4/10). Suppose -3*j = -0*j - 3*k - 12, j = -k - 4. Suppose j*c = -c + v. What is the remainder when c is divided by 4?
3
Suppose 3*r + 4*v = 413, r + 0*v + 3*v - 131 = 0. What is the remainder when r is divided by 48?
47
Let k = -38 - -75. Calculate the remainder when k is divided by 13.
11
Let s(v) = 0*v + 2*v + v**2 - 4 + 2. Let l be s(-4). Suppose 0*p = 3*p + 6, -f + l = -p. Calculate the remainder when f is divided by 3.
1
Let w(r) = r**3 + r**2 + 24. What is the remainder when 69 is divided by w(0)?
21
Let b(u) be the first derivative of u**2 + u - 5. Suppose 5*g - 38 = 4*g. What is the remainder when g is divided by b(6)?
12
Suppose 0*k + 34 = 2*k. What is the remainder when 3 + 29 + 1 + 0 is divided by k?
16
Suppose 3*c = -4*n + 33 + 14, 2*c + 5*n - 29 = 0. What is the remainder when c is divided by 2*(-2)/4*-9?
8
Let y = -15 + 38. Suppose 4*b + 3*f = 400, -4*f - f + 505 = 5*b. Su